
2, 109, 113, 1607
List the prime factors of 128744282.
2, 29, 61, 36389
List the prime factors of 387809854.
2, 23, 8430649
List the prime factors of 386203297.
17, 173, 131317
What are the prime factors of 1955298951?
3, 217255439
List the prime factors of 564648153.
3, 188216051
List the prime factors of 210180978.
2, 3, 7, 1019, 1637
What are the prime factors of 451835607?
3, 150611869
What are the prime factors of 23396274?
2, 3, 11, 118163
What are the prime factors of 88760375?
5, 11, 64553
What are the prime factors of 91646067?
3, 199, 153511
List the prime factors of 17340987.
3, 5780329
List the prime factors of 61939989.
3, 23, 73, 4099
List the prime factors of 1752497496.
2, 3, 17, 1431779
List the prime factors of 850610489.
850610489
What are the prime factors of 21222411?
3, 7, 19, 53189
List the prime factors of 574133.
7, 11717
What are the prime factors of 93745914?
2, 3, 1901, 8219
What are the prime factors of 43775794?
2, 21887897
List the prime factors of 11211336.
2, 3, 31, 5023
List the prime factors of 2085787332.
2, 3, 349, 166013
List the prime factors of 123925599.
3, 7, 601, 1091
List the prime factors of 621364352.
2, 7, 693487
List the prime factors of 152684611.
152684611
What are the prime factors of 32831906?
2, 16415953
What are the prime factors of 62838167?
7, 8976881
What are the prime factors of 259362588?
2, 3, 1021, 21169
What are the prime factors of 98439720?
2, 3, 5, 820331
What are the prime factors of 87976504?
2, 7, 11, 251, 569
List the prime factors of 3198911033.
29, 110307277
What are the prime factors of 5272817627?
7, 11, 71, 211, 653
What are the prime factors of 2632927844?
2, 37, 17790053
What are the prime factors of 261818876?
2, 11, 491, 12119
List the prime factors of 1062214224.
2, 3, 41, 539743
List the prime factors of 99930420.
2, 3, 5, 17, 113
What are the prime factors of 58734320?
2, 5, 17, 19, 2273
What are the prime factors of 100944828?
2, 3, 2804023
What are the prime factors of 26259885?
3, 5, 41, 43, 331
What are the prime factors of 23800719?
3, 7933573
List the prime factors of 323574866.
2, 29, 61, 91457
What are the prime factors of 984039886?
2, 1163, 423061
What are the prime factors of 369387565?
5, 953, 77521
List the prime factors of 3558889466.
2, 11, 31, 5218313
What are the prime factors of 684461667?
3, 17, 41, 327337
What are the prime factors of 1651458323?
53, 31159591
What are the prime factors of 164005141?
164005141
List the prime factors of 107464225.
5, 11, 17, 127, 181
What are the prime factors of 540932078?
2, 17, 23, 691729
List the prime factors of 563411831.
563411831
What are the prime factors of 106889562?
2, 3, 13, 47, 9719
What are the prime factors of 55933955?
5, 7, 11, 145283
What are the prime factors of 1713333807?
3, 190370423
What are the prime factors of 1685506079?
23, 101, 113, 6421
List the prime factors of 395185327.
83, 4761269
What are the prime factors of 56412683?
593, 95131
List the prime factors of 2381753101.
7, 13, 43, 608677
What are the prime factors of 857001977?
13, 17, 3877837
List the prime factors of 1561304640.
2, 3, 5, 7, 33191
List the prime factors of 183318847.
43, 47, 61, 1487
List the prime factors of 59454299.
59454299
List the prime factors of 6830243799.
3, 17, 133926349
What are the prime factors of 45666664?
2, 67, 85199
List the prime factors of 2808870376.
2, 13, 27008369
What are the prime factors of 1043554211?
7, 149079173
What are the prime factors of 166976088?
2, 3, 6957337
List the prime factors of 205622738.
2, 3797, 27077
List the prime factors of 4851332857.
7, 17, 103, 56543
List the prime factors of 21414331.
73, 233, 1259
What are the prime factors of 485325497?
281, 1727137
What are the prime factors of 84254993?
31, 2717903
What are the prime factors of 942616440?
2, 3, 5, 37, 2621
What are the prime factors of 4732771221?
3, 43, 101, 40361
List the prime factors of 908427827.
17, 53436931
What are the prime factors of 43684164?
2, 3, 404483
List the prime factors of 76378531.
41, 1862891
What are the prime factors of 482615886?
2, 3, 80435981
List the prime factors of 177047668.
2, 7, 29, 337, 647
What are the prime factors of 15896589?
3, 271, 19553
What are the prime factors of 798433160?
2, 5, 7, 751, 3797
List the prime factors of 298580109.
3, 99526703
What are the prime factors of 666498649?
37, 2693, 6689
List the prime factors of 2938805.
5, 709, 829
What are the prime factors of 105439562?
2, 79, 139, 4801
List the prime factors of 128289450.
2, 3, 5, 607, 1409
What are the prime factors of 242981137?
7, 229, 151579
List the prime factors of 563488805.
5, 11, 10245251
What are the prime factors of 3022600987?
7, 4051, 106591
What are the prime factors of 58675597?
58675597
What are the prime factors of 114446774?
2, 13, 4401799
What are the prime factors of 68911667?
11, 31, 202087
What are the prime factors of 1561605756?
2, 3, 130133813
List the prime factors of 4116121598.
2, 2058060799
List the prime factors of 409850883.
3, 13, 41, 85439
What are the prime factors of 1453307?
1453307
List the prime factors of 2020168068.
2, 3, 109, 337, 4583
List the prime factors of 1821963254.
2, 79, 11531413
What are the prime factors of 821294004?
2, 3, 17, 157, 25643
List the prime factors of 365908636.
2, 151, 605809
What are the prime factors of 9780333?
3, 3260111
What are the prime factors of 298594852?
2, 31, 661, 3643
What are the prime factors of 484906641?
3, 71, 2276557
What are the prime factors of 181448101?
181448101
List the prime factors of 186102725.
5, 7444109
List the prime factors of 35988746.
2, 47, 97, 3947
List the prime factors of 162314783.
162314783
What are the prime factors of 172154090?
2, 5, 239, 72031
What are the prime factors of 79045519?
7, 1361, 8297
List the prime factors of 159964764.
2, 3, 17, 37, 21193
What are the prime factors of 95825752?
2, 11, 307, 3547
List the prime factors of 98128323.
3, 10903147
What are the prime factors of 106798046?
2, 17, 79, 39761
List the prime factors of 136284363.
3, 186947
List the prime factors of 332585154.
2, 3, 11, 1679723
What are the prime factors of 265455384?
2, 3, 19, 582139
List the prime factors of 2803448523.
3, 37, 331, 76303
List the prime factors of 2790751101.
3, 47, 593, 33377
What are the prime factors of 33185371?
33185371
What are the prime factors of 170168894?
2, 7, 61, 199261
What are the prime factors of 298378555?
5, 653, 91387
What are the prime factors of 2646238616?
2, 7, 31, 277, 5503
List the prime factors of 95431473.
3, 37, 95527
List the prime factors of 313500999.
3, 7, 14928619
What are the prime factors of 6381414035?
5, 1276282807
What are the prime factors of 4618149860?
2, 5, 230907493
What are the prime factors of 560363039?
37, 211, 71777
What are the prime factors of 27426059?
27426059
List the prime factors of 134781207.
3, 11, 4084279
What are the prime factors of 299339342?
2, 23, 727, 8951
List the prime factors of 273171618.
2, 3, 15176201
What are the prime factors of 44250786?
2, 3, 83, 1097
What are the prime factors of 414579756?
2, 3, 109, 316957
List the prime factors of 272295985.
5, 13, 1871, 2239
What are the prime factors of 697203978?
2, 3, 43, 523, 5167
List the prime factors of 2977180188.
2, 3, 248098349
What are the prime factors of 97127677?
19, 61, 181, 463
What are the prime factors of 36950377?
36950377
What are the prime factors of 16446849?
3, 157, 34919
List the prime factors of 820143721.
19, 43165459
List the prime factors of 34714870.
2, 5, 3471487
List the prime factors of 338077067.
61, 191, 29017
List the prime factors of 36723322.
2, 18361661
What are the prime factors of 463217926?
2, 12569, 18427
What are the prime factors of 6508681948?
2, 17, 8093, 11827
List the prime factors of 2673668018.
2, 7, 43, 4441309
List the prime factors of 431219673.
3, 41, 389539
List the prime factors of 96491376.
2, 3, 47, 53, 269
List the prime factors of 1347966366.
2, 3, 31, 1721, 4211
What are the prime factors of 27351542?
2, 13675771
What are the prime factors of 100712990?
2, 5, 7, 73, 19709
What are the prime factors of 714374268?
2, 3, 1063, 56003
What are the prime factors of 651131925?
3, 5, 29, 299371
What are the prime factors of 2